ulate the highest common factor of 635753352 and 7839.
2613
Calculate the highest common factor of 202249938 and 15532.
7766
Calculate the highest common divisor of 207288 and 908.
4
Calculate the greatest common factor of 1024140396 and 12.
12
Calculate the highest common divisor of 45224 and 99080131.
5653
Calculate the greatest common factor of 12081573 and 456469.
2701
What is the highest common divisor of 3345 and 452913?
669
Calculate the highest common divisor of 3654 and 7124082.
1218
Calculate the highest common factor of 11 and 101759317.
11
Calculate the highest common divisor of 85254312 and 715.
143
What is the greatest common divisor of 5740 and 702940?
140
Calculate the highest common factor of 46513727 and 1268.
317
What is the greatest common divisor of 23450 and 5667530?
670
Calculate the highest common factor of 181842632 and 7284.
2428
What is the highest common divisor of 6071 and 17842669?
6071
What is the greatest common factor of 49 and 4310089?
49
Calculate the highest common factor of 913 and 793903.
11
What is the highest common factor of 7697173 and 38599?
1331
What is the greatest common factor of 15700 and 632396?
628
Calculate the greatest common divisor of 403567 and 1.
1
What is the highest common factor of 24529 and 88103?
19
Calculate the greatest common factor of 1766 and 90888073.
883
What is the highest common divisor of 447301 and 28241?
911
Calculate the greatest common factor of 490 and 494316410.
490
Calculate the highest common divisor of 890900 and 7100.
100
What is the greatest common divisor of 25043481 and 1348?
337
Calculate the greatest common factor of 300 and 2566.
2
What is the greatest common factor of 88 and 2580754?
22
Calculate the greatest common factor of 150548317 and 23.
23
What is the greatest common divisor of 658 and 41834512?
94
What is the highest common factor of 50005189 and 1703?
1703
What is the highest common factor of 3579 and 12527693?
1193
Calculate the highest common divisor of 6669 and 1166087.
247
What is the highest common divisor of 67275 and 15615873?
2691
Calculate the greatest common factor of 10104 and 424524.
12
What is the greatest common factor of 78010992 and 288?
144
What is the greatest common divisor of 86 and 77517863?
43
What is the greatest common divisor of 18898951 and 204?
17
Calculate the greatest common divisor of 2980905 and 49200.
615
Calculate the highest common factor of 317 and 23219933.
317
Calculate the highest common factor of 48534082 and 1156.
578
Calculate the greatest common factor of 12320 and 45465.
35
Calculate the highest common divisor of 204 and 9880485.
51
What is the highest common factor of 2132 and 17865299?
41
What is the greatest common factor of 17 and 9901259?
17
What is the highest common factor of 129891014 and 16?
2
What is the greatest common factor of 204 and 2831588?
68
What is the greatest common divisor of 112883712 and 13984?
608
Calculate the greatest common factor of 27904 and 1643938.
218
What is the greatest common divisor of 620494 and 27370?
322
Calculate the highest common factor of 1453270 and 117.
13
What is the highest common factor of 300 and 79203700?
100
What is the greatest common factor of 12512199 and 2961?
987
Calculate the highest common factor of 277720 and 27040600.
2120
Calculate the greatest common divisor of 8677460 and 1980.
220
What is the greatest common factor of 176 and 34597808?
16
What is the greatest common factor of 249306556 and 824?
412
Calculate the greatest common divisor of 18 and 120207366.
18
What is the greatest common divisor of 5070 and 37930?
10
What is the greatest common factor of 1169520 and 202894?
886
What is the greatest common divisor of 88557 and 10731?
21
What is the highest common factor of 26572 and 25558468?
3796
What is the greatest common divisor of 9 and 1487834001?
9
Calculate the greatest common factor of 1560 and 898820.
260
Calculate the greatest common divisor of 12865932 and 24.
12
Calculate the highest common divisor of 1251 and 509132814.
417
What is the greatest common factor of 617482 and 8722?
178
What is the highest common divisor of 15281220 and 67077?
771
Calculate the highest common factor of 7490 and 2330048.
14
Calculate the greatest common divisor of 19 and 42536231.
19
What is the highest common factor of 234 and 2390436?
18
What is the greatest common factor of 64113 and 1488445?
301
Calculate the highest common factor of 4 and 1200254.
2
Calculate the highest common factor of 68 and 229252548.
68
Calculate the highest common factor of 21 and 36399489.
21
Calculate the highest common factor of 12708 and 48975926.
706
What is the highest common factor of 38395280 and 3680?
1840
Calculate the greatest common divisor of 220 and 56219640.
20
What is the highest common divisor of 3297625 and 1029710?
4255
What is the highest common divisor of 2228 and 186709742?
1114
Calculate the greatest common divisor of 3635198 and 308.
14
What is the highest common divisor of 55 and 102726305?
55
What is the highest common factor of 6224 and 3791872?
16
Calculate the highest common factor of 45945 and 27090.
45
Calculate the greatest common factor of 7564450 and 50.
50
What is the greatest common factor of 709164 and 27900?
36
Calculate the highest common divisor of 69 and 16900469.
23
What is the greatest common factor of 1089902 and 16692?
214
Calculate the greatest common divisor of 615 and 195613296.
123
Calculate the greatest common divisor of 3952067 and 259.
7
What is the greatest common divisor of 273273014 and 826?
826
What is the greatest common factor of 295530 and 9084?
6
Calculate the highest common divisor of 44 and 7216198.
22
Calculate the greatest common factor of 225995756 and 238.
238
What is the greatest common divisor of 4730199 and 16029?
411
Calculate the highest common factor of 43462440 and 31752.
1512
What is the highest common factor of 710459607 and 121?
121
What is the highest common factor of 1469195275 and 50?
25
Calculate the greatest common factor of 25826287 and 20381.
89
What is the greatest common factor of 192 and 218926976?
64
Calculate the greatest common divisor of 129874598 and 112.
14
Calculate the greatest common divisor of 763020 and 28188.
972
What is the highest common factor of 33274800 and 17901?
1053
What is the highest common factor of 1778232 and 1299?
3
What is the highest common divisor of 172089 and 468?
9
What is the highest common factor of 17359856 and 272?
272
Calculate the greatest common divisor of 27565 and 69301.
37
What is the highest common factor of 392980 and 1070?
10
Calculate the highest common factor of 729 and 203310.
81
Calculate the greatest common factor of 62557 and 1927.
47
What is the greatest common divisor of 18 and 290199864?
6
Calculate the greatest common divisor of 41 and 39353932.
41
Calculate the highest common divisor of 76622 and 307958.
14
What is the greatest common divisor of 1216700 and 3220?
460
What is the highest common divisor of 151148 and 4974?
2
What is the greatest common divisor of 18720 and 4390230?
390
What is the highest common divisor of 285024 and 496?
16
Calculate the greatest common factor of 52480 and 5514336.
1312
Calculate the greatest common divisor of 2185618 and 16298.
562
Calculate the highest common factor of 7384 and 64168.
104
Calculate the greatest common factor of 219 and 128954865.
219
What is the greatest common divisor of 12 and 173371032?
12
What is the highest common factor of 160078421 and 97?
97
What is the greatest common divisor of 36 and 37767?
3
What is the highest common factor of 52 and 26507858?
26
What is the greatest common factor of 23170269 and 391?
391
Calculate the highest common factor of 30804 and 378774.
6
What is the highest common factor of 2 and 65139814?
2
What is the highest common divisor of 159237509 and 1614?
269
What is the greatest common divisor of 10468926 and 26?
26
What is the highest common divisor of 14 and 3916759?
7
Calculate the highest common factor of 109 and 1076522150.
109
What is the highest common divisor of 8387610 and 630?
210
What is the greatest common factor of 502082092 and 17944?
8972
What is the highest common divisor of 1315992 and 652?
4
What is the greatest common divisor of 